umber?
False
Is 13343123 a composite number?
False
Is 140217379 composite?
False
Is 404438459 a composite number?
False
Is 66805169 composite?
True
Is 131731099 prime?
True
Is 37076197 a prime number?
True
Is 3383689 a composite number?
True
Is 884227 a prime number?
True
Is 367423 composite?
True
Is 209319361 prime?
False
Is 9442 a composite number?
True
Is 983695143 composite?
True
Is 223367 a composite number?
False
Is 1417631 a prime number?
True
Is 2661205 prime?
False
Is 1198849 composite?
False
Is 5479837 a prime number?
False
Is 11684973 a prime number?
False
Is 5514653 a composite number?
False
Is 4200661 a prime number?
True
Is 67351709 prime?
True
Is 917281 prime?
True
Is 662599547 a prime number?
True
Is 472495071 prime?
False
Is 1053697 prime?
True
Is 2300421 a prime number?
False
Is 13846609 prime?
False
Is 9902353 prime?
True
Is 2232085 prime?
False
Is 27362689 a prime number?
False
Is 3475386971 composite?
True
Is 6366991 composite?
True
Is 20473 composite?
True
Is 440702729 composite?
False
Is 3270923 a prime number?
True
Is 214947617 a prime number?
True
Is 6202177 a composite number?
False
Is 22691135 a prime number?
False
Is 425591861 composite?
False
Is 696569 a prime number?
True
Is 109965694 prime?
False
Is 1501471 a composite number?
False
Is 192163877 composite?
False
Is 12880649 prime?
True
Is 329533 a prime number?
True
Is 124637957 a composite number?
True
Is 21764341 a composite number?
False
Is 62418823 prime?
True
Is 67219291 prime?
False
Is 170797901 a prime number?
False
Is 30609949 prime?
True
Is 163727687 composite?
True
Is 674496491 prime?
True
Is 789 prime?
False
Is 5509961 composite?
True
Is 3934739 a prime number?
True
Is 69439 composite?
False
Is 85957009 prime?
False
Is 6232181 prime?
False
Is 2646601 a prime number?
False
Is 428822983 a prime number?
True
Is 11113733 prime?
False
Is 6927793 composite?
False
Is 204278 a composite number?
True
Is 3586619 a composite number?
False
Is 367069 prime?
True
Is 9339661 composite?
False
Is 8148409 prime?
False
Is 962749 a composite number?
True
Is 77436707 composite?
True
Is 41439661 a prime number?
False
Is 5666637 a prime number?
False
Is 55594205 prime?
False
Is 61111681 prime?
True
Is 101361577 a prime number?
True
Is 30195505 prime?
False
Is 3993653 a composite number?
False
Is 681875489 prime?
True
Is 13471907 prime?
True
Is 4205374 composite?
True
Is 14675953 a prime number?
False
Is 15273703 a composite number?
False
Is 631009507 a composite number?
True
Is 26393635 composite?
True
Is 30313937 a prime number?
True
Is 125405087 a prime number?
True
Is 4954354 prime?
False
Is 18008035 composite?
True
Is 26248553 a prime number?
False
Is 552189067 a prime number?
True
Is 289513573 a composite number?
False
Is 8147687 a composite number?
False
Is 8711233 a composite number?
True
Is 237092711 a composite number?
True
Is 1152731 prime?
False
Is 23360591 composite?
False
Is 245761 prime?
False
Is 7955899 composite?
True
Is 28824781 prime?
True
Is 1395613 composite?
False
Is 14054809 a composite number?
False
Is 10081711 composite?
False
Is 7827053 prime?
False
Is 839451 a prime number?
False
Is 29933765 prime?
False
Is 31342961 a prime number?
False
Is 562375977 a prime number?
False
Is 2023907 a composite number?
False
Is 13904783 a composite number?
False
Is 8879069 a composite number?
False
Is 102780037 prime?
True
Is 11978917 a prime number?
True
Is 37709911 composite?
False
Is 394417043 prime?
False
Is 163519691 composite?
False
Is 46988069 composite?
False
Is 5437681 a prime number?
False
Is 302304779 composite?
True
Is 55276957 a prime number?
True
Is 35899079 composite?
False
Is 5946519 a prime number?
False
Is 50288995 composite?
True
Is 551911163 prime?
False
Is 8937683 composite?
True
Is 51508271 a composite number?
True
Is 191233919 composite?
False
Is 417685 a prime number?
False
Is 5508257 a prime number?
False
Is 508160069 prime?
False
Is 5163073 composite?
True
Is 3376487 prime?
True
Is 778319 a prime number?
True
Is 627857 a composite number?
True
Is 664500713 a composite number?
False
Is 36226973 composite?
False
Is 89977289 a prime number?
True
Is 4267079 a composite number?
False
Is 9411937 a prime number?
True
Is 3931307 a composite number?
False
Is 510038 prime?
False
Is 1023643 prime?
True
Is 125887781 prime?
False
Is 181119283 prime?
True
Is 1136897 prime?
True
Is 5440301 a prime number?
True
Is 5071657 a composite number?
False
Is 52628801 composite?
False
Is 25598663 a composite number?
False
Is 1635826 a composite number?
True
Is 44875043 composite?
True
Is 570155 a prime number?
False
Is 806389 a composite number?
False
Is 195138571 a composite number?
False
Is 8506501 prime?
True
Is 811277593 prime?
False
Is 5667791 a composite number?
True
Is 999445 a composite number?
True
Is 7039339 prime?
False
Is 3294881 a composite number?
False
Is 1096531 composite?
True
Is 4284485 a composite number?
True
Is 8590297 prime?
False
Is 161858987 composite?
False
Is 7013441 prime?
False
Is 8875549 composite?
True
Is 90542741 a prime number?
True
Is 5828194 a composite number?
True
Is 6797149 prime?
False
Is 4663991 a prime number?
True
Is 164219 a composite number?
True
Is 127287473 prime?
False
Is 4703 prime?
True
Is 510329 composite?
True
Is 2831533 composite?
False
Is 3705487 prime?
False
Is 276793 a composite number?
True
Is 3173309 a prime number?
True
Is 115159913 composite?
True
Is 5440445 prime?
False
Is 33076489 a prime number?
True
Is 7603 prime?
True
Is 13774139 a composite number?
True
Is 745231 composite?
False
Is 1446227 prime?
True
Is 486947137 prime?
False
Is 52412261 composite?
True
Is 195141581 a composite number?
False
Is 184953 prime?
False
Is 2521807 composite?
False
Is 11363119 composite?
False
Is 11957981 prime?
False
Is 12075871 prime?
True
Is 2237087 composite?
True
Is 4532669 composite?
False
Is 105339973 a composite number?
True
Is 6890873 prime?
False
Is 32386979 prime?
True
Is 22379579 a prime number?
False
Is 4040177 a composite number?
True
Is 2023459 a composite number?
True
Is 41985487 a composite number?
True
Is 282143 a prime number?
True
Is 140181929 a prime number?
True
Is 3902354 prime?
False
Is 81816557 composite?
False
Is 88884877 a composite number?
False
Is 17520639 a composite number?
True
Is 3954559 composite?
True
Is 4132147 prime?
False
Is 176009377 composite?
False
Is 1437857 a prime number?
False
Is 15922649 a prime number?
True
Is 2963101 prime?
True
Is 6877109 a prime number?
True
Is 666569369 prime?
False
Is 117928843 a composite number?
True
Is 3053711 composite?
True
Is 88367641 composite?
False
Is 49331281 a prime number?
True
Is 639401813 a composite number?
True
Is 72382253 a composite number?
True
Is 47681081 prime?
False
Is 19136917 a prime number?
False
Is 8864197 a prime number?
False
Is 15503947 a composite number?
False
Is 3783251 prime?
True
Is 667769 a prime number?
True
Is 217953907 composite?
False
Is 608459 a prime number?
True
Is 4564829 prime?
True
Is 123460729 prime?
False
Is 172007761 prime?
True
Is 1245037 composite?
False
Is 33276071 a composite number?
True
Is 985199 a prime number?
False
Is 1104409 composite?
False
Is 51386311 a composite number?
False
Is 19454199 a prime number?
False
Is 41527847 prime?
True
Is 7236599 a composite number?
True
Is 3124822 prime?
False
Is 48976259 prime?
False
Is 937147873 composite?
False
Is 509477 a composite number?
False
Is 382089083 composite?
False
Is 34536731 composite?
True
Is 34772513 a prime number?
True
Is 20382627 a composite number?
True
Is 89514101 a prime number?
False
Is 241990967 composite?
True
Is 3752219 prime?
True
Is 165729631 a prime number?
False
Is 2489477 a prime number?
True
Is 154186013 composite?
False
Is 483394801 prime?
True
Is 63032813 composite?
False
Is 27489029 a prime number?
False
Is 2799709 composite?
True
Is 45433915 composite?
True
Is 2981731 prime?
False
Is 2474931 prime?
False
Is 14577821 a composite number?
False
Is 5023639 prime?
False
Is 32181197 a composite number?
True
Is 279106699 a composite number?
False
Is 1443263 a composite number?
True
Is 43308663 a composite number?
True
Is 467028587 a prime number?
True
Is 15970781 a prime number?
True
Is 261292229 composite?
True
Is 12823843 compo